is divided by 339?
338
Calculate the remainder when 6538277 is divided by 13398.
53
Calculate the remainder when 7591686 is divided by 898.
892
Calculate the remainder when 1717731 is divided by 26.
15
What is the remainder when 678858 is divided by 980?
698
What is the remainder when 239041 is divided by 60?
1
Calculate the remainder when 166621 is divided by 166561.
60
What is the remainder when 1057711 is divided by 5626?
23
What is the remainder when 1337641 is divided by 672?
361
What is the remainder when 542438 is divided by 1326?
104
What is the remainder when 159430 is divided by 2339?
378
Calculate the remainder when 5949869 is divided by 116.
113
What is the remainder when 4934991 is divided by 308435?
31
What is the remainder when 21912 is divided by 2734?
40
What is the remainder when 1559885 is divided by 173318?
23
Calculate the remainder when 200795 is divided by 40084.
375
Calculate the remainder when 10822909 is divided by 377.
370
Calculate the remainder when 616681 is divided by 1752.
1729
What is the remainder when 506985 is divided by 579?
360
Calculate the remainder when 20255778 is divided by 3375963.
0
What is the remainder when 30942027 is divided by 97?
94
What is the remainder when 336379 is divided by 67168?
539
Calculate the remainder when 55920 is divided by 152.
136
What is the remainder when 81173889 is divided by 9949?
9947
What is the remainder when 14109813 is divided by 170?
153
What is the remainder when 109857 is divided by 739?
485
What is the remainder when 24926829 is divided by 18?
15
Calculate the remainder when 278696135 is divided by 2.
1
What is the remainder when 2037631 is divided by 254701?
23
What is the remainder when 1951658 is divided by 209?
16
Calculate the remainder when 15220894 is divided by 2536790.
154
Calculate the remainder when 105275277 is divided by 41.
28
What is the remainder when 5197690 is divided by 224?
218
What is the remainder when 4676263 is divided by 18?
7
What is the remainder when 16234502 is divided by 1097?
1096
Calculate the remainder when 3072295 is divided by 59.
47
Calculate the remainder when 3246217 is divided by 1623095.
27
What is the remainder when 38330359 is divided by 52?
15
Calculate the remainder when 74001 is divided by 352.
81
What is the remainder when 725446 is divided by 40281?
388
What is the remainder when 15294228 is divided by 11792?
4
What is the remainder when 6677483 is divided by 776?
3
Calculate the remainder when 2050859 is divided by 130.
109
Calculate the remainder when 225310 is divided by 4571.
1331
Calculate the remainder when 2815144 is divided by 650.
644
Calculate the remainder when 403057 is divided by 123.
109
Calculate the remainder when 1093972 is divided by 136622.
996
What is the remainder when 13362754 is divided by 242?
240
Calculate the remainder when 10968140 is divided by 438723.
65
What is the remainder when 146684 is divided by 44265?
13889
What is the remainder when 72671544 is divided by 237?
234
Calculate the remainder when 861148 is divided by 287045.
13
Calculate the remainder when 256305 is divided by 256301.
4
What is the remainder when 56617 is divided by 13789?
1461
What is the remainder when 62916860 is divided by 272?
268
Calculate the remainder when 392632 is divided by 392579.
53
Calculate the remainder when 143537 is divided by 1150.
937
What is the remainder when 1335844 is divided by 2511?
2503
What is the remainder when 493828587 is divided by 573?
570
Calculate the remainder when 7411674 is divided by 3113.
2734
Calculate the remainder when 211937 is divided by 13246.
1
Calculate the remainder when 1601851 is divided by 335.
216
Calculate the remainder when 2279910 is divided by 1139928.
54
Calculate the remainder when 19051 is divided by 601.
420
Calculate the remainder when 25863 is divided by 22798.
3065
Calculate the remainder when 417346 is divided by 58.
36
Calculate the remainder when 22582 is divided by 7141.
1159
Calculate the remainder when 411875 is divided by 3004.
327
Calculate the remainder when 1202212059 is divided by 1204.
1203
What is the remainder when 42552 is divided by 2320?
792
What is the remainder when 9730558 is divided by 140?
138
Calculate the remainder when 7835583 is divided by 5641.
234
What is the remainder when 82356461 is divided by 2775?
11
Calculate the remainder when 8671579 is divided by 2282.
2261
What is the remainder when 62728535 is divided by 646?
643
Calculate the remainder when 33165646 is divided by 71632.
30
Calculate the remainder when 91550664 is divided by 1387131.
18
What is the remainder when 349035 is divided by 102?
93
Calculate the remainder when 4330132 is divided by 2579.
2570
What is the remainder when 58392623 is divided by 76?
75
Calculate the remainder when 2531533 is divided by 28.
25
Calculate the remainder when 6548039 is divided by 270.
269
What is the remainder when 104079 is divided by 103469?
610
What is the remainder when 16196 is divided by 3580?
1876
Calculate the remainder when 1692596 is divided by 454.
84
Calculate the remainder when 1756630 is divided by 13108.
158
Calculate the remainder when 2143173 is divided by 5.
3
Calculate the remainder when 249326 is divided by 49833.
161
Calculate the remainder when 378819 is divided by 109.
44
Calculate the remainder when 3447546 is divided by 2600.
2546
Calculate the remainder when 346311 is divided by 172921.
469
What is the remainder when 5964690 is divided by 2340?
30
Calculate the remainder when 1816974 is divided by 21.
12
What is the remainder when 3394543 is divided by 2929?
2761
What is the remainder when 6030713 is divided by 3015353?
7
Calculate the remainder when 53100203 is divided by 1965.
8
Calculate the remainder when 94519 is divided by 31482.
73
What is the remainder when 7303899 is divided by 406?
365
What is the remainder when 31930 is divided by 1183?
1172
What is the remainder when 10618469 is divided by 3310?
3299
What is the remainder when 20745783 is divided by 14620?
3
What is the remainder when 32323 is divided by 15825?
673
Calculate the remainder when 497717 is divided by 2031.
122
Calculate the remainder when 3205323 is divided by 1068440.
3
Calculate the remainder when 267026 is divided by 193.
107
What is the remainder when 21683 is divided by 1565?
1338
Calculate the remainder when 35239223 is divided by 4627.
4618
Calculate the remainder when 4751498 is divided by 100.
98
Calculate the remainder when 44420 is divided by 14520.
860
Calculate the remainder when 23728614 is divided by 1069.
21
Calculate the remainder when 672872 is divided by 3680.
3112
Calculate the remainder when 2862339 is divided by 48.
3
Calculate the remainder when 7439122 is divided by 154.
152
Calculate the remainder when 5555900 is divided by 89611.
18
Calculate the remainder when 98743 is divided by 562.
393
Calculate the remainder when 134073 is divided by 202.
147
Calculate the remainder when 2672248 is divided by 35.
33
Calculate the remainder when 522437 is divided by 522257.
180
Calculate the remainder when 3997761 is divided by 3087.
96
Calculate the remainder when 29444 is divided by 4937.
4759
What is the remainder when 3273493 is divided by 1636656?
181
Calculate the remainder when 8473967 is divided by 8473927.
40
Calculate the remainder when 6211194 is divided by 2050.
1744
What is the remainder when 29166 is divided by 2324?
1278
Calculate the remainder when 582155270 is divided by 30.
20
Calculate the remainder when 5437281 is divided by 1087444.
61
Calculate the remainder when 15399732 is divided by 7166.
7164
What is the remainder when 39588207 is divided by 208?
191
Calculate the remainder when 609851 is divided by 21006.
677
Calculate the remainder when 11362 is divided by 9435.
1927
Calculate the remainder when 9133154 is divided by 130473.
44
What is the remainder when 12632388 is divided by 1314?
906
What is the remainder when 1986108 is divided by 62?
0
Calculate the remainder when 1147538 is divided by 3678.
2
What is the remainder when 4745 is divided by 1153?
133
What is the remainder when 55665899 is divided by 2862?
2861
Calculate the remainder when 92899 is divided by 46420.
59
Calculate the remainder when 41232 is divided by 10304.
16
What i